 Let w(h) = h**2 + 2*h - 1. Let j be w(1). Is l(j) a composite number?
False
Suppose -691 = 61*j - 62*j. Is j a composite number?
False
Suppose 2*p - 48 = s - 7, 5*p + 4*s - 83 = 0. Let o = 15 - p. Is (-6)/o*(24 - -2) a composite number?
True
Let b = 16544 + -8746. Suppose 7*q - b = 5*q. Is q prime?
False
Suppose 6*y - 46440 = 17466. Is y a composite number?
False
Suppose -5*p + 2*q + 165 = 0, 5*p - 8*q = -13*q + 130. Is p a composite number?
False
Is (-5 - -394)/(8/8) a prime number?
True
Let y = 111 - 101. Is y composite?
True
Let y = -49 - -40. Let j(m) = -24*m + 31. Is j(y) composite?
True
Suppose -732 = -3*m + 5*r + 991, 2*r = -2*m + 1138. Suppose -u + m = -0*u. Is u prime?
True
Is ((-53512)/((-64)/(-8)))/(-1) composite?
False
Let w(j) = -427*j - 51. Let z be w(7). Let o = z + 5599. Is o prime?
False
Is 4 + 3 + 251040/10 a prime number?
True
Let c = 18 - 16. Suppose 3*p = -c*h + 192, h - 3*h = -2*p + 118. Suppose -k + p = k. Is k a prime number?
True
Let t = -6486 - -10169. Is t a prime number?
False
Let q(g) = 14*g**2 + g + 4. Suppose -4*m - 2*u = 62, m - 2*u = 2*u + 7. Let k = -8 - m. Is q(k) a composite number?
False
Suppose p + 20 = -3*p, -3*o + 2*p - 1037 = 0. Let w = 118 - o. Is -2*2/((-4)/w) prime?
True
Is 2/(-5)*2742705/(-42) prime?
False
Let i = -75 + 197. Suppose 2*w = s - 9 - 0, 4*s - 4*w - 40 = 0. Let l = i + s. Is l a composite number?
True
Suppose -6*a + 336 = -2328. Let y = a + 707. Is y prime?
True
Suppose -5*k = -23264 - 33411. Is k prime?
False
Suppose o - 24 = 5*v, -2*v + 6 = -5*o + 34. Let y(a) = -2*a**3 - 22*a**2 + 2. Let s be y(-11). Is s/o + 2853/18 a prime number?
False
Suppose 0 = -3*t + 58 + 2. Let k = t - 11. Suppose -k = 6*n - 7*n. Is n composite?
True
Suppose v - s - 3*s = 1411, 3*v - 4233 = -4*s. Is v a composite number?
True
Let a(h) = 150*h - 14. Let z(o) = -75*o + 7. Let p(f) = -6*a(f) - 11*z(f). Is p(-4) prime?
True
Let k(b) = -b**2 + 4*b - 6. Let y be k(4). Is (-2)/y - 36738/(-27) prime?
True
Let t be 4/(-4) - 2 - -8. Suppose 2*b + 3*y - 2106 = 727, 0 = 5*b + t*y - 7070. Is b a composite number?
False
Let j(n) = n + 7. Let g be j(-4). Suppose -5*b = 4*d - 2649, -2 - 10 = g*d. Is b a prime number?
False
Suppose v - 4*v = -4*p - 5, 4*v = p + 11. Suppose -2*x - 2*n = -6*x - 22, -33 = 5*x + v*n. Let b(f) = 5*f**2 + 8*f - 1. Is b(x) a composite number?
False
Suppose -27191 = -9*z + 17188. Is z a composite number?
False
Suppose 3*h = 7*h - 12. Suppose -3*w + 20 = 2*x, 0 = 5*x - w - h - 13. Suppose 2*n + 418 = 5*a, x*n + n = -2*a + 144. Is a a composite number?
True
Suppose 1 = f + 5. Is f/(-6)*((-1065)/(-10) - 6) composite?
False
Suppose 4*x + 5*z - 355 = 0, 0 = -3*x + 2*z + 56 + 239. Suppose -4*p = x - 1419. Is p a composite number?
False
Let i = 389 + 697. Is ((-2)/2)/(-3 + i/363) prime?
False
Let z(l) = 53*l**2 + 4 + 156*l + 141*l - 307*l. Is z(7) prime?
True
Suppose -277910 - 361003 = -33*b. Is b prime?
False
Suppose 12*r = m + 8*r - 13351, -5*m + r = -66774. Is m composite?
True
Let q = 141805 + -83328. Is q composite?
False
Suppose 5*k = g + 3*g + 34, 5*g = 20. Is (2/3)/(k/795) a prime number?
True
Suppose 0 = 2*b, -6*b + 24305 = 5*v - 2*b. Is v a composite number?
False
Let x = 7 - 9. Let f be ((-2)/(-6))/(x/(-24)). Is (-1)/(2*f/(-632)) a composite number?
False
Suppose 0 = 3*v - 0 - 6. Suppose -v*s + 7*s + 2*o = 1687, -679 = -2*s - 5*o. Is s a prime number?
True
Suppose 4*t = 69 - 37. Suppose 7*k + 902 = t*k + 5*p, -k + 906 = p. Is k composite?
False
Let g(w) = -8*w**3 + 14*w**2 + 30*w - 9. Is g(-10) a composite number?
False
Let p(b) = 100*b**2 - 7*b + 9. Is p(-4) a composite number?
False
Let w be 5/(-20) - 8778/(-8). Suppose 2*l - 3*l = -o - w, -3*o = -l + 1097. Is l composite?
False
Suppose -17291 = -59*l + 58*l. Is l a composite number?
False
Let k = -565 + 1322. Is k prime?
True
Let k(l) = 13*l**3 - 9*l**2 + 52*l + 17. Is k(13) prime?
True
Let a(u) = -358*u - 1. Let h(g) = -g. Let p(c) = a(c) + 2*h(c). Is p(-2) a prime number?
True
Let f = 45264 - 24487. Is f prime?
False
Let u(j) be the first derivative of 0*j + 3 - 1/2*j**2 - 29/2*j**4 - 2/3*j**3. Is u(-1) a prime number?
False
Let a be 1 + 2/(4/(-8)*-2). Suppose 1289 = a*s + 3*z - 1489, 5*s - 2*z = 4651. Is s a prime number?
True
Let r(u) be the second derivative of -u**3/6 + 5*u**2/2 - 2*u. Let z be r(5). Suppose 4*g - 5*a - 1467 = z, -5*g - 2*a = -5*a - 1850. Is g composite?
False
Let y(k) = -k + 5. Let o be y(5). Suppose o*d + 3*c + 89 = d, 2*c + 4 = 0. Is d composite?
False
Let v(l) = -l - 13. Let u be v(7). Let p = -18 - u. Suppose -2*j = -r - 227, 0 = p*j - 0*r - 4*r - 242. Is j a composite number?
True
Suppose 3*a + 18 = -5*m + 2*m, -m = -2*a + 3. Let d be 1/a*(7 - 1). Is (374/4)/((-3)/d) a composite number?
True
Let j(s) = -s**2 - 11*s - 6. Let i be j(-12). Let d be (8/12)/((-3)/i). Suppose 4*u + 8*c - 36 = d*c, 4*u = 3*c + 15. Is u a composite number?
True
Suppose 2*s - 46170 = -4*f - 0*f, -3*s + 57710 = 5*f. Is f prime?
False
Let s(x) = 119*x + 168*x - 46*x + 16. Is s(15) composite?
False
Suppose -r + 5*r - 18044 = 0. Is r prime?
False
Suppose 2*f + 0*f + 16 = 0. Let x be 4*-5*2/f. Suppose 2*d - 520 = 2*y, 0 = 2*d + 2*d + x*y - 1031. Is d composite?
True
Let c(j) = 9*j + 17. Let f be c(18). Suppose 5*z = 4*p + 249, 3*z = -2*p - 3*p + f. Is z prime?
True
Let k(t) = t**2 + 17*t + 21. Let h be k(-16). Suppose h*c - 2*a - 947 = 0, 2*c - 2*a = -3*a + 386. Is c a prime number?
True
Suppose h + 3 = 0, -2*s = -5*s - 4*h - 3. Is 2631/(3/(-3))*s/(-9) prime?
True
Suppose 45880 = 6*v - 24536. Suppose -1456 = 8*h - v. Is h a composite number?
True
Suppose 2*y + 14 = 36. Suppose -5*s + 9 + y = 0. Suppose 0 = -5*t, -3*t + 2*t = s*a - 572. Is a a composite number?
True
Let f = -228 - -129. Let a = 2 + f. Let m = a + 190. Is m prime?
False
Let y(s) = 1662*s**2 + 5. Is y(5) composite?
True
Suppose -2*w - 4*r + 22 = -w, 2*r - 2 = 4*w. Suppose w*x = x + 767. Is x a prime number?
False
Suppose -17 = -m - 5*f + 2*f, -3*m = 3*f - 75. Let w(j) = j + 6*j**2 - 2*j**2 + 23*j**2 + m*j**2. Is w(-1) composite?
True
Let b = -1 + -2. Let c(p) = p**2 + 4*p + 3. Let i be c(b). Suppose -5*y + 2*m + 255 = 0, -2*y - m + 36 + 75 = i. Is y prime?
True
Suppose -3*c + 23 = 8. Suppose -c*n + 7 = -6*n. Is 2 + 3 + n + 39 a composite number?
False
Let y be (5812/16)/((-3)/12). Let s = y + 3257. Suppose 20*j = 24*j - s. Is j a prime number?
False
Let x(b) = 423*b + 16. Let h(q) = 211*q + 8. Let f(l) = 9*h(l) - 4*x(l). Let j(m) = 620*m + 25. Let r(y) = 10*f(y) - 3*j(y). Is r(5) composite?
True
Suppose -12*t - 492 = -1176. Let p(d) = 3*d**2 + d. Let z be p(1). Suppose z*a - t = a. Is a composite?
False
Let d(y) = y**2 - 5*y - 8. Let o be d(6). Let f be ((-68)/16)/(3/12). Is -3*(f/3 + o) a composite number?
False
Suppose -o - 3 = 2*o. Let u be ((-3)/(-12) - o)*4. Suppose 4*y - u*x = -y + 465, 0 = -3*y + 5*x + 287. Is y a composite number?
False
Let t = -691 + 984. Suppose -2*o = -o - t. Is o a composite number?
False
Let o(t) = t + 15. Let q be o(-12). Suppose 3*u = 5*p + 12, -p - q*u - 6 = -0*p. Is (-2630)/(-6) - 2/p a composite number?
False
Is 7*6*15757/98 prime?
False
Let m(k) = k**3 - 18*k**2 - 2*k + 26. Let l be m(18). Let d(a) = 8*a**2 - 4*a - 1. Is d(l) prime?
True
Suppose 6*k - 1112 = 430. Suppose 4*z + 289 = v, z = -2*v + 321 + k. Is v composite?
True
Suppose 4*i + 2 = 14. Suppose -i*d - x = -2, -19 = 5*x + 1. Is d/(-12) - (-3441)/18 prime?
True
Let a = -11351 - -36680. Is a a prime number?
False
Let y = -40 + -82. Suppose 5*v + 4*u - 831 = 210, 5*v - 4*u = 1009. Let z = y + v. Is z a composite number?
False
Let u be (-12)/(-9)*6/4. Let p be 1 + u + -2 + -1. Suppose 3*w = -3*i + 538 + 116, -2*i - 3*w + 431 = p. Is i prime?
True
Let y(g) = -24*g. Let i(n) = -49*n + 1. Let o(j) = 3*i(j) - 5*y(j). Is o(-14) prime?
False
Suppose -3*u + 494 = -l - 3*l, 5*u + 5*l - 870 = 0. Suppose -u + 12 = -m. Is m composite?
True
Let x = 5321 + -13031. Let u = -3383 - x. Is u a composite number?
False
Suppose -j - 2576 = -l - 679, -5*l + 3*j + 9485 = 0. Let h = -1056 + l. Is h prime?
False
Let g = 428 - 278. Let u = 305 - g. Is u a composite number?
True
Let u(p) = -p**2 - 9*p - 20. Let w be u(-6). Let o be (-4 - -2)*(-445)/w. Let g = o - -668. Is g a prime number?
True
Suppose -3*x - 2